ppose 6*m - 3*m + 5*i = y, -i + 25 = 3*m. What is the greatest common factor of q and m?
9
Suppose -5*z + 49 = -4*g, 2*z - 3*g - g - 22 = 0. What is the highest common factor of z and 1?
1
Suppose 2*o = 3*k - 40, k - 15 = 2*o + 5. Calculate the greatest common factor of 30 and k.
10
Let u = -139 + 202. Suppose -33 = -b + 5*z, -5*b = 4*z - 73 - u. Let p = 10 + 4. What is the greatest common divisor of b and p?
14
Let v(l) = 2*l**3 - 1. Let p be v(2). What is the greatest common factor of p and 60?
15
Let g(q) = -2*q + 6. Let k be g(-3). What is the greatest common factor of k and 204?
12
Let x be (35/2 + 2)*2. Let w = x - 23. Let g = 394 - 218. Calculate the highest common factor of g and w.
16
Suppose -3*q - 4*r + 22 = -q, 0 = q - 5*r + 17. Suppose -q*c + 4*c = 12. Calculate the highest common divisor of 30 and c.
6
Let h = -8 - -16. What is the greatest common factor of h and 88?
8
Let t(c) be the second derivative of 3*c**3/2 - c**2/2 - 4*c. Let q be t(1). Let n = -123 - -187. Calculate the highest common divisor of q and n.
8
Suppose 5*g + 7506 = -3*x, -x + 4*g - 104 = 2398. Let a = x - -1563. Let t be 6/15 + a/(-15). What is the highest common factor of t and 9?
9
Let s = 10 + 58. Let r(b) = -b**3 - 4*b**2 - 4*b + 1. Let v be r(-4). Calculate the highest common factor of s and v.
17
Let r = 30 - 17. Let w(a) = -13 + 4*a**2 + 0*a**2 - 3*a**2 + 3*a. Let x be w(10). Calculate the greatest common factor of r and x.
13
Suppose -288 = -u - 2*u. Suppose 30 = -b + u. What is the highest common divisor of b and 33?
33
Let d be 9 + -5 + (-1 - -3). Suppose -5*a + 54 = -d. Calculate the highest common divisor of a and 24.
12
Let u(y) = -5*y**3 - 4*y**2 - y - 5. Let n be u(-2). Calculate the highest common factor of n and 7.
7
Suppose -27 + 7 = -4*v. Suppose v*p - 2*q = 24, -12 = -4*p + 5*q - q. Calculate the greatest common factor of p and 18.
6
Suppose 6 + 38 = 4*x. What is the greatest common divisor of x and 88?
11
Let l be (-3 - -2)/(1/(-2)). Let o(y) = 0*y**2 + 0 - 6*y**2 + 5*y**2 - 1 - 3*y. Let g be o(-2). What is the highest common divisor of l and g?
1
Suppose -4*d = -0 - 176. Let z = d + -17. What is the greatest common divisor of 216 and z?
27
Suppose 2*j = -3*s + 78, -4*s + 28 = j - 11. What is the highest common factor of 3 and j?
3
Let w be 140/105*(27 - 0). Suppose 0 = -5*r - 2*f + 170, -5*r + 201 + 4 = -5*f. Calculate the highest common divisor of w and r.
36
Suppose 0 = -3*r - 4*p + 47, 2*p = 5*r - r - 26. What is the highest common factor of 45 and r?
9
Let x be (-1)/((2/18)/(-1)). What is the greatest common factor of 36 and x?
9
Let u be (47 - 0) + 3 - 0. Calculate the greatest common factor of 10 and u.
10
Let g be 0 - -60*(3 + -2). What is the highest common divisor of g and 24?
12
Let q(h) = 9*h**2 - 5*h**2 - 3*h**2 + 10*h - 2. Let r be q(-11). Let k = -8 + 107. What is the highest common factor of k and r?
9
Suppose n = 4*n - 24. Let x = -88 - -130. Let t be -5*4*x/(-35). What is the highest common factor of n and t?
8
Let n be 755/45 - (-2)/9. Calculate the highest common divisor of n and 68.
17
Let s(b) = 6*b - 6. Let z be s(6). Suppose 9 - z = -3*o. Let j be (2 - 1)*7*3. Calculate the highest common divisor of j and o.
7
Let j = -2 - 0. Let u be (-2 - -1) + (-6)/j. Let s = u + 2. What is the greatest common factor of 16 and s?
4
Suppose -24 = -z + 5*u, 5*u + 22 = 2*z - 11. Let a(y) = 0*y**2 + 3 - y - 3*y - y**2. Let w be a(-4). Calculate the greatest common factor of w and z.
3
Suppose 2*j - 3 = -4*k - 21, -j = 4*k + 15. Let w = 9 + j. Calculate the greatest common divisor of 66 and w.
6
Let q = 11 + 0. Let w = -19 - -32. Let y = w + q. What is the highest common divisor of y and 36?
12
Suppose -5*s + 256 + 164 = 0. Let d be 2*s/(-32)*-4. What is the highest common factor of 105 and d?
21
Suppose 0 = 5*h - 20, 22 = r - 4*h - 4. Calculate the highest common factor of 6 and r.
6
Let l be 1*14 + (-16)/8. Calculate the greatest common factor of 3 and l.
3
Suppose i - 3*n - 15 = 0, n = 3*i - 4*n - 41. Let w be (-294)/(-35) + (-2)/5. Let t be ((-18)/w)/((-12)/256). Calculate the greatest common divisor of i and t.
12
Let d(x) = x**3 - 2*x**2 + x - 2. Let k be d(3). Calculate the greatest common divisor of 15 and k.
5
Suppose 43 = -5*w + 8. Let n(b) = b**3 + 8*b**2 + 5*b - 8. Let p be n(w). What is the greatest common divisor of p and 6?
6
Let w = 224 - 223. Suppose 3*y - 45 = -3*x, 0*y - 10 = -2*x + 3*y. Calculate the greatest common factor of w and x.
1
Let q = -6 + 11. Let i be ((-36)/30)/((-2)/q). Let f = i - -6. What is the greatest common divisor of f and 3?
3
Let c = 72 + -63. What is the highest common factor of c and 18?
9
Let t be ((-28)/(-3))/((-2)/6). Let j = 40 - t. Calculate the greatest common divisor of 17 and j.
17
Let x be (-56)/140 - (-14)/(-10)*-46. Calculate the greatest common factor of x and 8.
8
Suppose z - 20 = -2*z - 2*k, 0 = 5*k - 20. Suppose 0 = z*i - 42 + 10. Let s be 3 + -7 + (-24)/(-3). Calculate the highest common factor of s and i.
4
Let c(h) = -h**2 + 2*h - 7. Let b be c(5). Let y = b - -38. What is the greatest common factor of 24 and y?
8
Let a be 2 - -4 - (2 + -1). Suppose 0 = -0*d - 3*d + 15. Suppose 5*u = -4*j + 75, -d*j + 90 + 10 = 5*u. Calculate the highest common divisor of j and a.
5
Suppose -5*m + 3*m + 14 = 4*a, 4*a - 4*m = 32. Suppose 0*k - 5*k = -a*h + 50, 3*h - 23 = -4*k. What is the highest common divisor of h and 6?
3
Let z = -186 - -132. Let k = z + 76. What is the greatest common factor of 11 and k?
11
Suppose -6*q - 5*v + 11 = -3*q, 0 = -4*q - v + 9. Suppose 2*w - 14 = -q*y, 3*y + 6 = y. What is the highest common factor of 1 and w?
1
Let h be (3 - (-113)/4) + (-2)/8. Calculate the greatest common factor of h and 31.
31
Let l(h) = -37*h**3 - h**2 + 6*h + 6. Let v be l(-1). Let z be (0 + 6/(-4))*-6. What is the greatest common divisor of z and v?
9
Let y(f) = 2*f**3 - 2*f**2 + 60. Let i be y(0). What is the highest common factor of 15 and i?
15
Suppose 5*k + 5 = 5*u, 2*u - 3*u = -5*k - 1. What is the highest common divisor of u and 7?
1
Let o(a) = -a**2 + 11*a - 11. Let h be o(6). Calculate the highest common divisor of 171 and h.
19
Let x be 128/(4 - 0) - -4. Suppose -3*l - z = -459 - 83, 0 = -3*l + 2*z + 536. What is the highest common divisor of x and l?
36
Suppose -3*y = -3, -2*y + 254 = 5*z - 2*z. What is the greatest common divisor of z and 28?
28
Suppose 60 = -22*j + 24*j. Calculate the highest common divisor of j and 240.
30
Let o = -134 - -142. Let y be (-88)/(1/(-2)*2). Calculate the highest common divisor of y and o.
8
Suppose 28 - 108 = -10*r. What is the greatest common factor of r and 56?
8
Suppose -4*v + 104 + 100 = 2*b, -b + 5*v = -102. Calculate the greatest common divisor of 51 and b.
51
Suppose -l + 3 - 1 = 0, 0 = -b + 2*l + 845. Suppose -4*x + b = 201. Let c be 2 + 2 + (-1 - -15). What is the highest common divisor of x and c?
18
Let k be (-2 - -1) + -3 + 13. Suppose w - k = 1. What is the highest common factor of 25 and w?
5
Let s(z) = 94*z**3 + 2*z**2 - z. Let t be s(1). Suppose -5*i - 5*y + t = 0, -2*i - y + 18 = -22. Calculate the highest common factor of i and 14.
7
Let o be (-4326)/(-30) - 2/10. What is the greatest common factor of 16 and o?
16
Suppose -58*r + 59*r - 2 = 0. What is the highest common factor of 8 and r?
2
Let l = -97 + 53. Let o = 62 + l. Calculate the greatest common factor of 9 and o.
9
Suppose 5*c - 58 = v, -5*c + v = -v - 56. Let h = 390 + -267. Suppose -380 = -4*q + d, 4*q = -5*d - h + 527. Calculate the highest common factor of c and q.
12
Let h = 1 + 8. Suppose b - h = -2*b. Suppose 0 = -l - 2*l + 27. What is the highest common factor of b and l?
3
Let v be 5/(-2)*(-8)/10. Suppose v*s - 2*m = -14, -m = -2*s - 2*s - 22. Let l(b) = -7*b + 4. Let h be l(s). Calculate the greatest common divisor of h and 13.
13
Let w be 238/26 + (-6)/39. What is the highest common divisor of 90 and w?
9
Let a(m) = m. Let t be a(2). Let n be 0*(-2 + t + -1). Suppose n*g + 3*g = 195. Calculate the greatest common factor of 13 and g.
13
Let w be (-2)/((-5 - -2)/3). Let l be (-3)/w + (-318)/(-12). What is the highest common divisor of l and 10?
5
Let s be 6/(-15) - 51/(-15). Suppose -300 = -s*d - 2*d. What is the highest common factor of d and 12?
12
S